{"id":414,"date":"2025-11-17T20:06:09","date_gmt":"2025-11-17T19:06:09","guid":{"rendered":"https:\/\/vskirchberg-wagram.ac.at\/wordpress\/?page_id=414"},"modified":"2026-01-10T16:45:23","modified_gmt":"2026-01-10T15:45:23","slug":"sonderpaedagogik","status":"publish","type":"page","link":"https:\/\/vskirchberg-wagram.ac.at\/index.php\/sonderpaedagogik\/","title":{"rendered":"Sonderp\u00e4dagogik"},"content":{"rendered":"\n<h2 class=\"wp-block-heading\">Die sonderp\u00e4dagogischen Kleinklassen in Kirchberg am Wagram<\/h2>\n\n\n\n<p><strong>Unsere Sonderp\u00e4dagogik stellt sich vor:<\/strong><\/p>\n\n\n\n<p>An unserer Schule werden sonderp\u00e4dagogische Kleinklassen gef\u00fchrt. In diesen Klassen lernen Kinder und Jugendliche im Alter von 6 bis 18 Jahren gemeinsam in einem gesch\u00fctzten, \u00fcberschaubaren Rahmen in heterogenen Gruppen.<\/p>\n\n\n\n<p>Jede Klasse wird von einer Sonderp\u00e4dagogin geleitet und zus\u00e4tzlich durch eine Schulassistenz unterst\u00fctzt. Dadurch k\u00f6nnen wir sehr individuell auf die Bed\u00fcrfnisse der Sch\u00fcler: innen eingehen, sie in ihrem Tempo f\u00f6rdern und eine angenehme Lernatmosph\u00e4re schaffen.<\/p>\n\n\n\n<p>In einigen Unterrichtsf\u00e4chern steht den Klassen au\u00dferdem eine zweite Lehrkraft zur Verf\u00fcgung, um gezielt an den individuellen Kompetenzen der Sch\u00fcler: innen arbeiten zu k\u00f6nnen und bei Bedarf zus\u00e4tzliche Unterst\u00fctzung zu geben.<\/p>\n\n\n\n<p>In den Kleinklassen werden folgende Lehrpl\u00e4ne unterrichtet:<\/p>\n\n\n\n<p>\u00b7 Lehrplan F\u00f6rderschwerpunkt Lernen (Primar- und Sekundarstufe)<\/p>\n\n\n\n<p>\u00b7 Lehrplan Kognitive Entwicklung (1. \u2013 9. Schulstufe)<\/p>\n\n\n\n<p>\u00b7 Lehrplan der Volksschule<\/p>\n\n\n\n<p>\u00b7 Lehrplan der Mittelschule<\/p>\n\n\n\n<p>\u00b7 Lehrplan F\u00f6rderbereich emotional-soziale Entwicklung<\/p>\n\n\n\n<p>Unser Ziel ist es, die F\u00e4higkeiten, Fertigkeiten und individuellen St\u00e4rken der Kinder gezielt zu f\u00f6rdern und sie so zu unterst\u00fctzen, ihr sp\u00e4teres Leben erfolgreich zu meistern.<\/p>\n","protected":false},"excerpt":{"rendered":"<p>Die sonderp\u00e4dagogischen Kleinklassen in Kirchberg am Wagram Unsere Sonderp\u00e4dagogik stellt sich vor: An unserer Schule werden sonderp\u00e4dagogische Kleinklassen gef\u00fchrt. In &hellip; <\/p>\n","protected":false},"author":1,"featured_media":0,"parent":0,"menu_order":0,"comment_status":"closed","ping_status":"closed","template":"","meta":{"footnotes":""},"class_list":["post-414","page","type-page","status-publish","hentry"],"_links":{"self":[{"href":"https:\/\/vskirchberg-wagram.ac.at\/index.php\/wp-json\/wp\/v2\/pages\/414","targetHints":{"allow":["GET"]}}],"collection":[{"href":"https:\/\/vskirchberg-wagram.ac.at\/index.php\/wp-json\/wp\/v2\/pages"}],"about":[{"href":"https:\/\/vskirchberg-wagram.ac.at\/index.php\/wp-json\/wp\/v2\/types\/page"}],"author":[{"embeddable":true,"href":"https:\/\/vskirchberg-wagram.ac.at\/index.php\/wp-json\/wp\/v2\/users\/1"}],"replies":[{"embeddable":true,"href":"https:\/\/vskirchberg-wagram.ac.at\/index.php\/wp-json\/wp\/v2\/comments?post=414"}],"version-history":[{"count":2,"href":"https:\/\/vskirchberg-wagram.ac.at\/index.php\/wp-json\/wp\/v2\/pages\/414\/revisions"}],"predecessor-version":[{"id":484,"href":"https:\/\/vskirchberg-wagram.ac.at\/index.php\/wp-json\/wp\/v2\/pages\/414\/revisions\/484"}],"wp:attachment":[{"href":"https:\/\/vskirchberg-wagram.ac.at\/index.php\/wp-json\/wp\/v2\/media?parent=414"}],"curies":[{"name":"wp","href":"https:\/\/api.w.org\/{rel}","templated":true}]}}

Sonderpädagogik

<h2 class="wp-block-heading">Die sonderpädagogischen Kleinklassen in Kirchberg am Wagram</h2>



<p><strong>Unsere Sonderpädagogik stellt sich vor:</strong></p>



<p>An unserer Schule werden sonderpädagogische Kleinklassen geführt. In diesen Klassen lernen Kinder und Jugendliche im Alter von 6 bis 18 Jahren gemeinsam in einem geschützten, überschaubaren Rahmen in heterogenen Gruppen.</p>



<p>Jede Klasse wird von einer Sonderpädagogin geleitet und zusätzlich durch eine Schulassistenz unterstützt. Dadurch können wir sehr individuell auf die Bedürfnisse der Schüler: innen eingehen, sie in ihrem Tempo fördern und eine angenehme Lernatmosphäre schaffen.</p>



<p>In einigen Unterrichtsfächern steht den Klassen außerdem eine zweite Lehrkraft zur Verfügung, um gezielt an den individuellen Kompetenzen der Schüler: innen arbeiten zu können und bei Bedarf zusätzliche Unterstützung zu geben.</p>



<p>In den Kleinklassen werden folgende Lehrpläne unterrichtet:</p>



<p>· Lehrplan Förderschwerpunkt Lernen (Primar- und Sekundarstufe)</p>



<p>· Lehrplan Kognitive Entwicklung (1. – 9. Schulstufe)</p>



<p>· Lehrplan der Volksschule</p>



<p>· Lehrplan der Mittelschule</p>



<p>· Lehrplan Förderbereich emotional-soziale Entwicklung</p>



<p>Unser Ziel ist es, die Fähigkeiten, Fertigkeiten und individuellen Stärken der Kinder gezielt zu fördern und sie so zu unterstützen, ihr späteres Leben erfolgreich zu meistern.</p>

<p>Die sonderpädagogischen Kleinklassen in Kirchberg am Wagram Unsere Sonderpädagogik stellt sich vor: An unserer Schule werden sonderpädagogische Kleinklassen geführt. In &hellip; </p>
