{"id":464,"date":"2025-12-15T12:23:43","date_gmt":"2025-12-15T11:23:43","guid":{"rendered":"https:\/\/vskirchberg-wagram.ac.at\/wordpress\/?page_id=464"},"modified":"2026-03-24T07:54:39","modified_gmt":"2026-03-24T06:54:39","slug":"schulprofil","status":"publish","type":"page","link":"https:\/\/vskirchberg-wagram.ac.at\/index.php\/schulprofil\/","title":{"rendered":"Schulprofil"},"content":{"rendered":"\n<figure class=\"wp-block-image size-large\"><img fetchpriority=\"high\" decoding=\"async\" width=\"1024\" height=\"576\" src=\"https:\/\/vskirchberg-wagram.ac.at\/wp-content\/uploads\/2026\/03\/UNSERE-SCHWERPUNKTE-1024x576.png\" alt=\"\" class=\"wp-image-795\" srcset=\"https:\/\/vskirchberg-wagram.ac.at\/wp-content\/uploads\/2026\/03\/UNSERE-SCHWERPUNKTE-1024x576.png 1024w, https:\/\/vskirchberg-wagram.ac.at\/wp-content\/uploads\/2026\/03\/UNSERE-SCHWERPUNKTE-300x169.png 300w, https:\/\/vskirchberg-wagram.ac.at\/wp-content\/uploads\/2026\/03\/UNSERE-SCHWERPUNKTE-768x432.png 768w, https:\/\/vskirchberg-wagram.ac.at\/wp-content\/uploads\/2026\/03\/UNSERE-SCHWERPUNKTE.png 1366w\" sizes=\"(max-width: 1024px) 100vw, 1024px\" \/><\/figure>\n\n\n\n<p class=\"has-text-align-center\">Unsere Volksschule bietet Kindern einen gesch\u00fctzten, naturnahen Lernraum, in dem sie sich wohlf\u00fchlen und gemeinsam wachsen k\u00f6nnen. Mit viel Herz begleiten wir sie beim Lernen, F\u00f6rdern und Entdecken ihrer Talente. Lesen, kreatives Gestalten, Musik und gemeinschaftliches Miteinander stehen dabei im Mittelpunkt. Eine enge Zusammenarbeit mit den Eltern sowie eine Nachmittagsbetreuung st\u00e4rken unsere lebendige Schulgemeinschaft.<\/p>\n\n\n\n<p class=\"has-medium-font-size\"><strong>Unterrichtszeiten<\/strong><\/p>\n\n\n\n<ol class=\"wp-block-list\">\n<li>Stunde: 07:30 \u2013 08:20 Uhr<\/li>\n\n\n\n<li>Stunde: 08:20 \u2013 09:10 Uhr<\/li>\n\n\n\n<li>Stunde: 09:30 \u2013 10:20 Uhr<\/li>\n\n\n\n<li>Stunde: 10:25 \u2013 11:15 Uhr<\/li>\n\n\n\n<li>Stunde: 11:20 \u2013 12:10 Uhr<\/li>\n\n\n\n<li>Stunde: 12:15 \u2013 13:05 Uhr<\/li>\n<\/ol>\n","protected":false},"excerpt":{"rendered":"<p>Unsere Volksschule bietet Kindern einen gesch\u00fctzten, naturnahen Lernraum, in dem sie sich wohlf\u00fchlen und gemeinsam wachsen k\u00f6nnen. Mit viel Herz &hellip; <\/p>\n","protected":false},"author":1,"featured_media":0,"parent":0,"menu_order":0,"comment_status":"closed","ping_status":"closed","template":"","meta":{"footnotes":""},"class_list":["post-464","page","type-page","status-publish","hentry"],"_links":{"self":[{"href":"https:\/\/vskirchberg-wagram.ac.at\/index.php\/wp-json\/wp\/v2\/pages\/464","targetHints":{"allow":["GET"]}}],"collection":[{"href":"https:\/\/vskirchberg-wagram.ac.at\/index.php\/wp-json\/wp\/v2\/pages"}],"about":[{"href":"https:\/\/vskirchberg-wagram.ac.at\/index.php\/wp-json\/wp\/v2\/types\/page"}],"author":[{"embeddable":true,"href":"https:\/\/vskirchberg-wagram.ac.at\/index.php\/wp-json\/wp\/v2\/users\/1"}],"replies":[{"embeddable":true,"href":"https:\/\/vskirchberg-wagram.ac.at\/index.php\/wp-json\/wp\/v2\/comments?post=464"}],"version-history":[{"count":16,"href":"https:\/\/vskirchberg-wagram.ac.at\/index.php\/wp-json\/wp\/v2\/pages\/464\/revisions"}],"predecessor-version":[{"id":799,"href":"https:\/\/vskirchberg-wagram.ac.at\/index.php\/wp-json\/wp\/v2\/pages\/464\/revisions\/799"}],"wp:attachment":[{"href":"https:\/\/vskirchberg-wagram.ac.at\/index.php\/wp-json\/wp\/v2\/media?parent=464"}],"curies":[{"name":"wp","href":"https:\/\/api.w.org\/{rel}","templated":true}]}}